4230
In base 16, what is -3 - 14521a?
-14521d
In base 7, what is -3260332 + -4?
-3260336
In base 15, what is 4 + 2e66?
2e6a
In base 4, what is 132323 - 1310?
131013
In base 14, what is -3c466 - -6?
-3c460
In base 10, what is 26730 - -1?
26731
In base 4, what is -33133 + 303?
-32230
In base 9, what is 2868 - 63?
2805
In base 9, what is 5 - 17258?
-17253
In base 12, what is -3 + a1a5?
a1a2
In base 11, what is 1537 - -12?
1549
In base 8, what is 254 + -1312?
-1036
In base 6, what is 10 - 121415?
-121405
In base 14, what is -10ac5 + 7?
-10abc
In base 7, what is 10 + -12030?
-12020
In base 13, what is 5 - 38cab?
-38ca6
In base 16, what is 8553e - -7?
85545
In base 8, what is 71165 - -11?
71176
In base 16, what is -444 - 1c?
-460
In base 11, what is 50aa - 14a?
4a60
In base 4, what is 13 - -312211112?
312211131
In base 8, what is -37 - 2502?
-2541
In base 12, what is -170b74 + 5?
-170b6b
In base 9, what is -1812 + -60?
-1872
In base 12, what is -16 + 1641?
1627
In base 3, what is -101210012 + -1020?
-101211102
In base 7, what is -3410000 + 0?
-3410000
In base 12, what is 45 + 1151?
1196
In base 14, what is 24a - -427?
673
In base 9, what is 2 + -3500?
-3487
In base 11, what is -2999a - 2?
-299a1
In base 2, what is -1110 - -110101110000101?
110101101110111
In base 2, what is 100 + 100000011000111101110?
100000011000111110010
In base 8, what is -141 - -44320?
44157
In base 10, what is 27323 + 38?
27361
In base 5, what is 4 - 2032?
-2023
In base 8, what is -5 - 573533?
-573540
In base 3, what is 1121 + 210212?
212110
In base 12, what is 3 - 2630?
-2629
In base 5, what is -21030 - -24012?
2432
In base 2, what is -100101101011 + 1?
-100101101010
In base 4, what is -2120 - -3022301?
3020121
In base 10, what is 4 + 681562?
681566
In base 13, what is -4b15 - 3?
-4b18
In base 2, what is 101110 + 1111101100010?
1111110010000
In base 3, what is -1222202111 - 1?
-1222202112
In base 8, what is -17 + 656413?
656374
In base 9, what is -41 - 0?
-41
In base 6, what is -13 - -11410?
11353
In base 5, what is -10312210 - -2?
-10312203
In base 8, what is 5 + 3004?
3011
In base 16, what is b - -5e5d?
5e68
In base 11, what is 4830aa - -4?
483103
In base 11, what is -11 + -7754?
-7765
In base 11, what is 1 - 2029?
-2028
In base 4, what is -11 - 10001232?
-10001303
In base 8, what is -44 + 63?
17
In base 3, what is -121121022 + -10?
-121121102
In base 15, what is -10190 - -6?
-10189
In base 6, what is -1250 - 20545?
-22235
In base 9, what is 18058 + -3?
18055
In base 3, what is 1102020 - 1121?
1100122
In base 14, what is 278 + -35?
243
In base 16, what is 56 + -1451?
-13fb
In base 15, what is 8 - 3396?
-338d
In base 6, what is -522 + 44254?
43332
In base 16, what is 8 - 2a14e?
-2a146
In base 9, what is -480 - -2444?
1854
In base 11, what is 33 - 521?
-499
In base 16, what is be72 - -5?
be77
In base 15, what is -2 + c38e0?
c38dd
In base 2, what is 100 + 101010110111100111?
101010110111101011
In base 7, what is 6110641 + -3?
6110635
In base 4, what is -21 + 10331?
10310
In base 6, what is -324201121 + 5?
-324201112
In base 13, what is 1 + 1c738b?
1c738c
In base 11, what is -3946 + 580?
-3376
In base 13, what is -159 - 36c?
-4c8
In base 12, what is 5b - 255?
-1b6
In base 9, what is 5 + 56380?
56385
In base 2, what is -11110 + 1111110011?
1111010101
In base 9, what is -33385 + 5?
-33380
In base 9, what is -500 + 128?
-361
In base 11, what is 1 - 183157?
-183156
In base 14, what is 0 + 79d3?
79d3
In base 10, what is -4 - 9349?
-9353
In base 4, what is 10003 + 101?
10110
In base 7, what is 20 - -503?
523
In base 2, what is 11111 + 1100010010?
1100110001
In base 7, what is -1440 + -62?
-1532
In base 12, what is -200 - -203?
3
In base 15, what is 387b - -3?
387e
In base 8, what is 45331 - 5?
45324
In base 5, what is 10 - -2411133?
2411143
In base 10, what is 18 - -2636?
2654
In base 10, what is 5 + -5244?
-5239
In base 16, what is e4 + -16d4?
-15f0
In base 4, what is -1230100 + 200?
-1223300
In base 5, what is 12 + -2212101?
-2212034
In base 16, what is -14de1 + -5?
-14de6
In base 6, what is -1204355 - -5?
-1204350
In base 12, what is 55 + -282?
-229
In base 7, what is -146 - 336?
-515
In base 8, what is 3467 + 202?
3671
In base 10, what is -970 - 6?
-976
In base 14, what is -a586 - -21?
-a565
In base 9, what is -120 + 4025?
3805
In base 3, what is 1122121 - -121?
1200012
In base 4, what is -1112 + -20230?
-22002
In base 5, what is 44 + 1303101?
1303200
In base 3, what is -100 - 111222?
-112022
In base 6, what is 4 + 233132?
233140
In base 8, what is 245246 - 34?
245212
In base 6, what is 53425 - 142?
53243
In base 14, what is 673a - -1?
673b
In base 15, what is 9e3b - -c?
9e48
In base 13, what is 8 + 807?
812
In base 6, what is -30425 - 1034?
-31503
In base 11, what is 128 + -39?
9a
In base 15, what is 609b3 + 1?
609b4
In base 15, what is 9 - 33eb9?
-33eb0
In base 6, what is -1324100 + 2?
-1324054
In base 12, what is -204 + 4?
-200
In base 6, what is -242 + -2311?
-2553
In base 15, what is -4 - -874e?
874a
In base 9, what is 5 - -242170?
242175
In base 12, what is 1bb + -1?
1ba
In base 13, what is 22a - 74a?
-520
In base 16, what is -1a3b9 + 5?
-1a3b4
In base 15, what is e - -404d0?
404de
In base 11, what is 17a + 23a?
409
In base 14, what is -256a9 + -24?
-256cd
In base 16, what is -3a9e - 70?
-3b0e
In base 8, what is -141705 - -4?
-141701
In base 5, what is -2 + 1430300?
1430243
In base 9, what is -1 + -13642?
-13643
In base 10, what is 6 + 14805?
14811
In base 8, what is -22 - -11531?
11507
In base 14, what is -3 - -33bb?
33b8
In base 10, what is 0 + -526744?
-526744
In base 16, what is 358 + -27?
331
In base 11, what is 96 - 932?
-847
In base 5, what is -1040240 + 24?
-1040211
In base 11, what is -577 + -66?
-632
In base 3, what is 1121121 + 22?
1121220
In base 8, what is -55 - -601?
524
In base 14, what is 2 + -a64b3?
-a64b1
In base 5, what is 40443 - 13231?
22212
In base 8, what is -1007 - -60?
-727
In base 3, what is 120000 - 1202200?
-1012200
In base 14, what is -181d64 - 0?
-181d64
In base 6, what is -5522 - -1111?
-4411
In base 7, what is 6 - -552316?
552325
In base 3, what is -210 + 10021000?
10020020
In base 2, what is 1000100000 - -10011010110?
11011110110
In base 2, what is 1010011100000001 - -100?
1010011100000101
In base 12, what is 173 + 6b3?
866
In base 9, what is -35 + -46212?
-46247
In base 10, what is 2 - 13342?
-13340
In base 3, what is -12122101211 + 0?
-12122101211
In base 9, what is -8 - 87117?
-87126
In base 11, what is -54324 - 4?
-54328
In base 5, what is 40312 + -13?
40244
In base 5, what is -20242 + 201?
-20041
In base 12, what is 3 + -8a2613?
-8a2610
In base 4, what is -1310 - -1212?
-32
In base 15, what is -4495 - -20?
-4475
In base 13, what is -6c + -2087?
-2126
In base 15, what is -6 - -11d5a?
11d54
In base 6, what is -15401154 - 11?
-15401205
In base 16, what is -8c1cd + -4?
-8c1d1
In base 11, what is -2025 + 5?
-2020
In base 4, what is -10 + 3123020?
3123010
In base 6, what is -13 - -42440?
42423
In base 11, what is -1092 - -137?
-a56
In base 7, what is 2106035 - 3?
2106032
In base 11, what is -101 + -2032?
-2133
In base 16, what is 79d - -1099?
1836
In base 5, what is -10000 - -22413?
12413
In base 15, what is -423 + -15?
-438
In base 10, what is 127 - -7146?
7273
In base 8, what is -103204 + -2?
-103206
In base 6, what is -10031 - -1342?
-4245
In base 10, what is -33964 - -1?
-33963
In base 4, what is -130 + 10110122?
10103332
In base 12, what is -2a2b6 - -3?
-2a2b3
In base 5, what is -41 + -202430?
-203021
In base 3, what is -2 - 11121111?
-11121120
In base 3, what is -12 - -2212112212?
2212112200
In base 15, what is 2 + -6179?
-6177
In base 6, what is -45344 - 5?
-45353
In base 4, what is 111231210 - 0?
111231210
In base 6, what is 50 - -4344?
4434
In base 3, what is 2100221 - -101?
2101022
In base 15, what is -e5e + 7?
-e57
In base 9, what is -3 + -675346?
-675350
In base 5, what is 0 + -1140013?
-1140013
In base 9, what is 2 - 27820?
-27817
In base 16, what is -277 + -48?
-2bf
In base 6, what is 2511 - -31?
2542
In base 7, what is -2 - -1325520?
1325515
In base 9, what is 8 + -153320?
-153311
In base 10, what is -67796 + -13?
-67809
In base 13, what is -1550 + -6?
-1556
In base 7, what is -3 - 14162?
-14165
In base 12, what is -2 + -6